{"id":11,"date":"2014-05-06T14:09:02","date_gmt":"2014-05-06T12:09:02","guid":{"rendered":"http:\/\/cpm-apartment-ag.ch\/?page_id=11"},"modified":"2021-03-20T20:08:45","modified_gmt":"2021-03-20T18:08:45","slug":"ferienhaeuser","status":"publish","type":"page","link":"http:\/\/cpm-apartment-ag.ch\/?page_id=11","title":{"rendered":"Ferienh\u00e4user"},"content":{"rendered":"\t\t<div data-elementor-type=\"wp-page\" data-elementor-id=\"11\" class=\"elementor elementor-11\" data-elementor-settings=\"[]\">\n\t\t\t\t\t\t\t<div class=\"elementor-section-wrap\">\n\t\t\t\t\t\t\t<section class=\"elementor-section elementor-top-section elementor-element elementor-element-03bd614 elementor-section-boxed elementor-section-height-default elementor-section-height-default\" data-id=\"03bd614\" data-element_type=\"section\">\n\t\t\t\t\t\t<div class=\"elementor-container elementor-column-gap-default\">\n\t\t\t\t\t<div class=\"elementor-column elementor-col-100 elementor-top-column elementor-element elementor-element-68194f2\" data-id=\"68194f2\" data-element_type=\"column\">\n\t\t\t<div class=\"elementor-widget-wrap elementor-element-populated\">\n\t\t\t\t\t\t\t\t<div class=\"elementor-element elementor-element-74cda3c elementor-widget elementor-widget-heading\" data-id=\"74cda3c\" data-element_type=\"widget\" data-widget_type=\"heading.default\">\n\t\t\t\t<div class=\"elementor-widget-container\">\n\t\t\t<h2 class=\"elementor-heading-title elementor-size-default\">Ferienh\u00e4user<\/h2>\t\t<\/div>\n\t\t\t\t<\/div>\n\t\t\t\t<div class=\"elementor-element elementor-element-ffdf348 elementor-widget elementor-widget-text-editor\" data-id=\"ffdf348\" data-element_type=\"widget\" data-widget_type=\"text-editor.default\">\n\t\t\t\t<div class=\"elementor-widget-container\">\n\t\t\t\t\t<div class=\"elementor-text-editor elementor-clearfix\"><p style=\"text-align: center;\">F\u00fcr einen Aufenthalt von mindestens einer Woche vermieten wir Ferienwohnungen im Chalet unter dem Stein sowie im Chalet Endwegh\u00fcsli. Es gelten die Buchungs- und Stornierungsbedingungen der CPM Appartment AG, Sie haben aber die M\u00f6glichkeit, Fr\u00fchst\u00fcck oder Halbpension im Derby Hotel dazu zu buchen.<\/p><\/div>\n\t\t\t\t<\/div>\n\t\t\t\t<\/div>\n\t\t\t\t\t<\/div>\n\t\t<\/div>\n\t\t\t\t\t\t\t<\/div>\n\t\t<\/section>\n\t\t\t\t<section class=\"elementor-section elementor-top-section elementor-element elementor-element-052bbe7 elementor-section-boxed elementor-section-height-default elementor-section-height-default\" data-id=\"052bbe7\" data-element_type=\"section\">\n\t\t\t\t\t\t<div class=\"elementor-container elementor-column-gap-default\">\n\t\t\t\t\t<div class=\"elementor-column elementor-col-33 elementor-top-column elementor-element elementor-element-d07e137\" data-id=\"d07e137\" data-element_type=\"column\">\n\t\t\t<div class=\"elementor-widget-wrap elementor-element-populated\">\n\t\t\t\t\t\t\t\t<div class=\"elementor-element elementor-element-1ecd98a elementor-button-info elementor-align-center elementor-widget elementor-widget-button\" data-id=\"1ecd98a\" data-element_type=\"widget\" data-widget_type=\"button.default\">\n\t\t\t\t<div class=\"elementor-widget-container\">\n\t\t\t\t\t<div class=\"elementor-button-wrapper\">\n\t\t\t<a href=\"https:\/\/cpm-apartment-ag.ch\/?page_id=391\" class=\"elementor-button-link elementor-button elementor-size-sm\" role=\"button\">\n\t\t\t\t\t\t<span class=\"elementor-button-content-wrapper\">\n\t\t\t\t\t\t<span class=\"elementor-button-text\">Chalet \"Unter dem Stein\"<\/span>\n\t\t<\/span>\n\t\t\t\t\t<\/a>\n\t\t<\/div>\n\t\t\t\t<\/div>\n\t\t\t\t<\/div>\n\t\t\t\t<div class=\"elementor-element elementor-element-8e0b364 elementor-widget elementor-widget-text-editor\" data-id=\"8e0b364\" data-element_type=\"widget\" data-widget_type=\"text-editor.default\">\n\t\t\t\t<div class=\"elementor-widget-container\">\n\t\t\t\t\t<div class=\"elementor-text-editor elementor-clearfix\"><p style=\"text-align: center;\">Fam. Ch. &amp; P. M\u00e4rkle<\/p><\/div>\n\t\t\t\t<\/div>\n\t\t\t\t<\/div>\n\t\t\t\t<div class=\"elementor-element elementor-element-2f2ffe7 elementor-widget elementor-widget-image\" data-id=\"2f2ffe7\" data-element_type=\"widget\" data-widget_type=\"image.default\">\n\t\t\t\t<div class=\"elementor-widget-container\">\n\t\t\t\t\t<div class=\"elementor-image\">\n\t\t\t\t\t\t\t\t\t\t<img width=\"980\" height=\"735\" src=\"http:\/\/cpm-apartment-ag.ch\/wp-content\/uploads\/2014\/05\/Ferienh\u00e4user-1024x768.jpg\" class=\"attachment-large size-large\" alt=\"\" loading=\"lazy\" srcset=\"http:\/\/cpm-apartment-ag.ch\/wp-content\/uploads\/2014\/05\/Ferienh\u00e4user-1024x768.jpg 1024w, http:\/\/cpm-apartment-ag.ch\/wp-content\/uploads\/2014\/05\/Ferienh\u00e4user-300x224.jpg 300w\" sizes=\"(max-width: 980px) 100vw, 980px\" \/>\t\t\t\t\t\t\t\t\t\t\t<\/div>\n\t\t\t\t<\/div>\n\t\t\t\t<\/div>\n\t\t\t\t<div class=\"elementor-element elementor-element-9e0b3ea elementor-widget-divider--view-line elementor-widget elementor-widget-divider\" data-id=\"9e0b3ea\" data-element_type=\"widget\" data-widget_type=\"divider.default\">\n\t\t\t\t<div class=\"elementor-widget-container\">\n\t\t\t\t\t<div class=\"elementor-divider\">\n\t\t\t<span class=\"elementor-divider-separator\">\n\t\t\t\t\t\t<\/span>\n\t\t<\/div>\n\t\t\t\t<\/div>\n\t\t\t\t<\/div>\n\t\t\t\t\t<\/div>\n\t\t<\/div>\n\t\t\t\t<div class=\"elementor-column elementor-col-33 elementor-top-column elementor-element elementor-element-090ab6d\" data-id=\"090ab6d\" data-element_type=\"column\">\n\t\t\t<div class=\"elementor-widget-wrap elementor-element-populated\">\n\t\t\t\t\t\t\t\t<div class=\"elementor-element elementor-element-31924b9 elementor-button-info elementor-align-center elementor-widget elementor-widget-button\" data-id=\"31924b9\" data-element_type=\"widget\" data-widget_type=\"button.default\">\n\t\t\t\t<div class=\"elementor-widget-container\">\n\t\t\t\t\t<div class=\"elementor-button-wrapper\">\n\t\t\t<a href=\"https:\/\/cpm-apartment-ag.ch\/?page_id=123\" class=\"elementor-button-link elementor-button elementor-size-sm\" role=\"button\">\n\t\t\t\t\t\t<span class=\"elementor-button-content-wrapper\">\n\t\t\t\t\t\t<span class=\"elementor-button-text\">Chalet \"Derby\"<\/span>\n\t\t<\/span>\n\t\t\t\t\t<\/a>\n\t\t<\/div>\n\t\t\t\t<\/div>\n\t\t\t\t<\/div>\n\t\t\t\t<div class=\"elementor-element elementor-element-959b25e elementor-widget elementor-widget-image\" data-id=\"959b25e\" data-element_type=\"widget\" data-widget_type=\"image.default\">\n\t\t\t\t<div class=\"elementor-widget-container\">\n\t\t\t\t\t<div class=\"elementor-image\">\n\t\t\t\t\t\t\t\t\t\t<img width=\"980\" height=\"721\" src=\"http:\/\/cpm-apartment-ag.ch\/wp-content\/uploads\/2021\/03\/Chalet-Derby-aussen-gross-1024x753.jpg\" class=\"attachment-large size-large\" alt=\"\" loading=\"lazy\" srcset=\"http:\/\/cpm-apartment-ag.ch\/wp-content\/uploads\/2021\/03\/Chalet-Derby-aussen-gross-1024x753.jpg 1024w, http:\/\/cpm-apartment-ag.ch\/wp-content\/uploads\/2021\/03\/Chalet-Derby-aussen-gross-300x220.jpg 300w, http:\/\/cpm-apartment-ag.ch\/wp-content\/uploads\/2021\/03\/Chalet-Derby-aussen-gross-768x564.jpg 768w, http:\/\/cpm-apartment-ag.ch\/wp-content\/uploads\/2021\/03\/Chalet-Derby-aussen-gross-1536x1129.jpg 1536w, http:\/\/cpm-apartment-ag.ch\/wp-content\/uploads\/2021\/03\/Chalet-Derby-aussen-gross-2048x1505.jpg 2048w\" sizes=\"(max-width: 980px) 100vw, 980px\" \/>\t\t\t\t\t\t\t\t\t\t\t<\/div>\n\t\t\t\t<\/div>\n\t\t\t\t<\/div>\n\t\t\t\t<div class=\"elementor-element elementor-element-e4aa558 elementor-widget-divider--view-line elementor-widget elementor-widget-divider\" data-id=\"e4aa558\" data-element_type=\"widget\" data-widget_type=\"divider.default\">\n\t\t\t\t<div class=\"elementor-widget-container\">\n\t\t\t\t\t<div class=\"elementor-divider\">\n\t\t\t<span class=\"elementor-divider-separator\">\n\t\t\t\t\t\t<\/span>\n\t\t<\/div>\n\t\t\t\t<\/div>\n\t\t\t\t<\/div>\n\t\t\t\t\t<\/div>\n\t\t<\/div>\n\t\t\t\t<div class=\"elementor-column elementor-col-33 elementor-top-column elementor-element elementor-element-75aec0f\" data-id=\"75aec0f\" data-element_type=\"column\">\n\t\t\t<div class=\"elementor-widget-wrap elementor-element-populated\">\n\t\t\t\t\t\t\t\t<div class=\"elementor-element elementor-element-df1951d elementor-button-info elementor-align-center elementor-widget elementor-widget-button\" data-id=\"df1951d\" data-element_type=\"widget\" data-widget_type=\"button.default\">\n\t\t\t\t<div class=\"elementor-widget-container\">\n\t\t\t\t\t<div class=\"elementor-button-wrapper\">\n\t\t\t<a href=\"https:\/\/cpm-apartment-ag.ch\/?page_id=283\" class=\"elementor-button-link elementor-button elementor-size-sm\" role=\"button\">\n\t\t\t\t\t\t<span class=\"elementor-button-content-wrapper\">\n\t\t\t\t\t\t<span class=\"elementor-button-text\">Endwegh\u00fcsli<\/span>\n\t\t<\/span>\n\t\t\t\t\t<\/a>\n\t\t<\/div>\n\t\t\t\t<\/div>\n\t\t\t\t<\/div>\n\t\t\t\t<div class=\"elementor-element elementor-element-c83e6bd elementor-widget elementor-widget-image\" data-id=\"c83e6bd\" data-element_type=\"widget\" data-widget_type=\"image.default\">\n\t\t\t\t<div class=\"elementor-widget-container\">\n\t\t\t\t\t<div class=\"elementor-image\">\n\t\t\t\t\t\t\t\t\t\t<img width=\"980\" height=\"652\" src=\"http:\/\/cpm-apartment-ag.ch\/wp-content\/uploads\/2014\/05\/Endwegh\u00fcsli-Chalet-1024x681.jpg\" class=\"attachment-large size-large\" alt=\"\" loading=\"lazy\" srcset=\"http:\/\/cpm-apartment-ag.ch\/wp-content\/uploads\/2014\/05\/Endwegh\u00fcsli-Chalet-1024x681.jpg 1024w, http:\/\/cpm-apartment-ag.ch\/wp-content\/uploads\/2014\/05\/Endwegh\u00fcsli-Chalet-300x200.jpg 300w\" sizes=\"(max-width: 980px) 100vw, 980px\" \/>\t\t\t\t\t\t\t\t\t\t\t<\/div>\n\t\t\t\t<\/div>\n\t\t\t\t<\/div>\n\t\t\t\t<div class=\"elementor-element elementor-element-c78ac48 elementor-widget-divider--view-line elementor-widget elementor-widget-divider\" data-id=\"c78ac48\" data-element_type=\"widget\" data-widget_type=\"divider.default\">\n\t\t\t\t<div class=\"elementor-widget-container\">\n\t\t\t\t\t<div class=\"elementor-divider\">\n\t\t\t<span class=\"elementor-divider-separator\">\n\t\t\t\t\t\t<\/span>\n\t\t<\/div>\n\t\t\t\t<\/div>\n\t\t\t\t<\/div>\n\t\t\t\t\t<\/div>\n\t\t<\/div>\n\t\t\t\t\t\t\t<\/div>\n\t\t<\/section>\n\t\t\t\t\t\t<\/div>\n\t\t\t\t\t<\/div>\n\t\t","protected":false},"excerpt":{"rendered":"<p>Ferienh\u00e4user F\u00fcr einen Aufenthalt von mindestens einer Woche vermieten wir Ferienwohnungen im Chalet unter dem Stein sowie im Chalet Endwegh\u00fcsli. Es gelten die Buchungs- und Stornierungsbedingungen der CPM Appartment AG, Sie haben aber die M\u00f6glichkeit, [&hellip;]<\/p>\n","protected":false},"author":1,"featured_media":0,"parent":0,"menu_order":0,"comment_status":"closed","ping_status":"closed","template":"full-width-page.php","meta":[],"_links":{"self":[{"href":"http:\/\/cpm-apartment-ag.ch\/index.php?rest_route=\/wp\/v2\/pages\/11"}],"collection":[{"href":"http:\/\/cpm-apartment-ag.ch\/index.php?rest_route=\/wp\/v2\/pages"}],"about":[{"href":"http:\/\/cpm-apartment-ag.ch\/index.php?rest_route=\/wp\/v2\/types\/page"}],"author":[{"embeddable":true,"href":"http:\/\/cpm-apartment-ag.ch\/index.php?rest_route=\/wp\/v2\/users\/1"}],"replies":[{"embeddable":true,"href":"http:\/\/cpm-apartment-ag.ch\/index.php?rest_route=%2Fwp%2Fv2%2Fcomments&post=11"}],"version-history":[{"count":79,"href":"http:\/\/cpm-apartment-ag.ch\/index.php?rest_route=\/wp\/v2\/pages\/11\/revisions"}],"predecessor-version":[{"id":451,"href":"http:\/\/cpm-apartment-ag.ch\/index.php?rest_route=\/wp\/v2\/pages\/11\/revisions\/451"}],"wp:attachment":[{"href":"http:\/\/cpm-apartment-ag.ch\/index.php?rest_route=%2Fwp%2Fv2%2Fmedia&parent=11"}],"curies":[{"name":"wp","href":"https:\/\/api.w.org\/{rel}","templated":true}]}}